2*r + 508, -g*r + 35 = -q - 221. Let t be 4/14 + q/(-147). What is the greatest common factor of 22 and t?
2
Let q(z) = 3*z + 5. Let u be q(6). Let c = u + -21. Suppose 5*w - 39 = c*w. Calculate the highest common divisor of w and 52.
13
Suppose 0 = -0*o - 6*o + 474. Let x = o - 61. Calculate the highest common divisor of 126 and x.
18
Let y be ((-9)/4)/(6/(-40)). Let o(a) = 5*a + 33. Let n be o(y). What is the greatest common factor of n and 12?
12
Let n(u) = 4*u**2 + 71*u - 59. Let r be n(-23). Calculate the highest common factor of 16 and r.
8
Let r(t) = -7*t**2 - 33*t + 69. Let s(d) = -11*d**2 - 49*d + 104. Let i(y) = 8*r(y) - 5*s(y). Let o be i(-20). Calculate the highest common factor of o and 24.
12
Let n = 11 - 0. Let c(x) = x**2 - 12*x + 13. Let i be c(n). Suppose -18 = 5*k - 8*k. What is the greatest common factor of i and k?
2
Let c be 0/2 - (-17 + 17). Suppose 4*s - 3*b - 28 = c, 5*b + 24 = 4*s + 3*b. Let v be 10 - (1 - -1) - -2. Calculate the greatest common factor of s and v.
2
Let x(t) = -t**3 + 4*t**2 + 10*t. Let f be x(5). Calculate the greatest common divisor of f and 400.
25
Let d be 6/(-21) - (3 + (-69)/21). Suppose d = -7*c + 10*c - 63. What is the highest common factor of c and 231?
21
Let q be (-21 + 7)/((-2)/(-13)). Let h be 100/(-2)*q/26. What is the greatest common divisor of 25 and h?
25
Let h(y) = -7*y + 3. Let u be h(-3). Suppose -k = 5*k + u. Let g be k/(24/15)*-2. Calculate the highest common factor of g and 25.
5
Suppose 0 = 11*x - 7*x + 224. Let l be (-2)/(-4)*-18*x/7. What is the highest common factor of l and 9?
9
Let b(n) = 37*n - 32. Let d be b(2). What is the highest common divisor of d and 56?
14
Let v = -686 - -709. Calculate the greatest common factor of 253 and v.
23
Suppose -2 = 2*a, 5*r + 8560 = 9*r - 4*a. Calculate the greatest common divisor of r and 69.
69
Let n(q) = q**3 - 8*q**2 + q - 3. Let d be n(8). Let w be 0 + 0 - (-48 - 7). What is the greatest common factor of d and w?
5
Let m = 78 - 72. Suppose 4*u - m = 2*u, 3*s - 156 = -4*u. What is the highest common factor of s and 6?
6
Let w = -370 + 379. Let m(f) = 2*f**3 - 6*f**2 + f - 6. Let b be m(5). What is the greatest common factor of b and w?
9
Suppose -3*j = -4*n + 3, 0 = 2*n - 3*n - j + 6. Let m(i) = 177*i - 4 + i**2 - 177*i. Let t be m(n). What is the highest common divisor of t and 2?
1
Suppose 3*w - 2*k = 115, 5*w - k - 2*k = 191. Calculate the highest common divisor of 185 and w.
37
Suppose -4*i + n - 93 = -5*i, n + 459 = 5*i. Let q be ((-3)/(9/(-3)))/(4/i). Let c = 370 - 163. Calculate the highest common divisor of c and q.
23
Let w = 660 + -435. Calculate the highest common divisor of w and 25.
25
Let z be 4 - (0 + 0 + 1). Let c be -3 + z + 1 + 3. Let t be (18/(-21))/((-4)/168). Calculate the highest common factor of c and t.
4
Let a = 33 + -18. Let b = 39 - 29. Calculate the highest common divisor of a and b.
5
Suppose 5*q - 2659 = 4*u, -2*q = -3*u - 463 - 595. Suppose -6*s = -q - 149. Calculate the greatest common factor of s and 19.
19
Suppose 5*b + 16 = 3*v, 2*v + 3*v - 3*b = 16. Let q = 5 - 3. Suppose -v*s - q = -3*s. What is the greatest common divisor of s and 2?
2
Suppose 8*w = 3*w - 5*y + 10, -3*w = 4*y - 6. Suppose 3*x - 240 = -w*x. What is the greatest common divisor of x and 32?
16
Let a = 74 - 146. Let l = 177 + a. Let v be (20/6)/(6 + (-104)/18). Calculate the highest common factor of l and v.
15
Let u = 645 - 603. Let g = 282 + 96. Calculate the greatest common divisor of g and u.
42
Suppose 2*g + 291 = 6*g - 3*w, 5*w = 2*g - 149. Calculate the greatest common factor of 96 and g.
24
Suppose -6*k + 9*k - 5*b = 37, -2*k + 20 = -b. Suppose -4*p + 82 + 26 = 0. What is the greatest common factor of p and k?
9
Let p be (10 + -6)*(-3)/(-6). Suppose -32 = p*f - 6*f. What is the highest common factor of 2 and f?
2
Let p(v) be the first derivative of v**2/2 - 2*v + 1. Let c be p(4). Suppose 0 = -c*h + 135 + 525. What is the greatest common factor of h and 30?
30
Let o = 291 - 165. Let c be 1 - (o - (2 - 2)). Let n = c + 251. What is the highest common divisor of n and 18?
18
Let i(b) = 24*b - 130. Let o be i(7). Calculate the greatest common divisor of 304 and o.
38
Let b = 224 + -203. What is the greatest common factor of b and 861?
21
Let t(a) = a**3 - 4*a**2 + 3*a + 5. Let o be t(4). Let f be -10 + 16 - 1*3. Suppose 2*p = -f*p + 85. What is the highest common divisor of o and p?
17
Let i be 6/(-9)*3 - -4. Let k(c) = 3*c**2 + 1 - 3*c**2 - 4*c**2 - 12*c + 3*c**i. Let h be k(-7). Calculate the greatest common factor of 9 and h.
9
Let o be (-36)/162 + (-14)/18. Let g(i) = 19*i**2 - 4*i - 3. Let t be g(o). Calculate the highest common divisor of t and 70.
10
Suppose -8 = -2*m + m. Suppose 0*q + 4*q = m. Suppose -5*l + q*l = -72. Calculate the greatest common divisor of 48 and l.
24
Let x(h) = -h**3 + 7*h**2 - 10*h - 3. Let j be x(5). Let p be ((-25)/j + -1)*6. What is the highest common factor of p and 132?
44
Let o(g) = -g**3 + 8*g**2 + 8*g + 11. Let d be o(9). Calculate the greatest common divisor of d and 16.
2
Suppose -4*v + 5*s = -4541, -s = 57*v - 54*v - 3420. Calculate the greatest common factor of v and 17.
17
Let w(d) = 3*d**2 - 3*d + 1. Let s be w(2). Suppose 4*h - 80 = 4*c, -c + 34 = s*h - 5*h. Let m = 3 - -15. What is the highest common divisor of m and h?
18
Let b = -18 + 148. Let n = b - 76. Calculate the highest common divisor of n and 6.
6
Suppose 15*q - 563 - 337 = 0. Calculate the greatest common factor of q and 210.
30
Suppose 0 = -5*g + g - 4. Let x(h) = -3*h**3 + h. Let f be x(-1). Let w be (-14)/((1 - f) + g). Calculate the highest common divisor of 49 and w.
7
Let g be -5 + 5 - (-14)/1. Let c be (10 - 0)/(2/15). Let h = c + -54. Calculate the greatest common factor of h and g.
7
Let g be (-7 + 217/35)*-35. What is the greatest common factor of 392 and g?
28
Let g = 774 + -574. What is the greatest common factor of 40 and g?
40
Suppose 0 = -5*h - b + 52, 3 = 12*b - 13*b. Let t(o) = o**3 - 5*o**2 + 2*o + 1. Let j be t(5). Calculate the greatest common factor of h and j.
11
Suppose 2 = -8*v + 9*v. What is the greatest common divisor of v and 25?
1
Let w(y) = -39 + 7*y - 92 + 86. Let d be w(10). Calculate the highest common factor of 5 and d.
5
Suppose 3 = 3*r - 9. Let c be (6/r)/((-21)/(-140)). Calculate the highest common divisor of c and 2.
2
Let w(j) = -j**3 - 2*j**2 + 3*j - 4. Let k be w(-3). Let q = 10 + k. What is the greatest common divisor of q and 9?
3
Let o(b) = -18*b + 146. Let x be o(8). Let v be (0 - 8)*(2 + -3). Calculate the greatest common divisor of x and v.
2
Let y = -6 + 6. Suppose 2*q + 3*o - 84 = 0, y*q - 3*o = -q + 24. Let b be (-41)/9 + 24/(-54) - -59. Calculate the greatest common divisor of q and b.
18
Suppose -2*w - 4*b + 6 = -4*w, 0 = -b. Let v = w + 13. Suppose 0 = 5*f - 10, 2*f - 6 = -j + 8. What is the highest common divisor of j and v?
10
Let o(n) = 4*n**2 + 110*n - 70. Let i be o(-33). What is the highest common divisor of 41 and i?
41
Let j be 6 - (-2 + 4 - 7). Calculate the greatest common factor of 121 and j.
11
Suppose 3*s - 3*m = 111, -63 = -5*s - m + 104. Suppose 7*h = 68 + 51. Calculate the highest common factor of s and h.
17
Let n be (24 - -51) + -5 + 2. What is the greatest common factor of n and 18?
18
Let m = -49 + 47. Let h be 130 + (3 + m)*2. What is the greatest common divisor of 12 and h?
12
Let b = -32 + 332. What is the greatest common divisor of 24 and b?
12
Let y(g) = 71*g - 8. Let j be y(5). Suppose 125 = u - 3*v, 3*u + 4*v + v - j = 0. Calculate the greatest common factor of 17 and u.
17
Suppose 0 = 3*u - 2*v - 101, -3*u = -7*u - 4*v + 148. Suppose g - 2 = 3, 0 = -5*p - 2*g + u. What is the greatest common divisor of p and 35?
5
Let r(u) = -2*u**3 - 5*u**2 + 9*u + 2. Let b be r(-6). Suppose -5*c + s + 404 = 0, -3*s - 11 = 1. What is the greatest common factor of c and b?
40
Suppose 0 = -9*c + 309 + 2175. What is the greatest common factor of 12 and c?
12
Let r(t) = 41*t - 30. Let q be r(2). Calculate the greatest common divisor of q and 234.
26
Suppose 0 = 5*y + 5, -14 = -59*p + 54*p + 4*y. Calculate the greatest common divisor of 62 and p.
2
Let y(x) = x - 5. Let k be y(6). Let f be ((-3)/(-12)*-1)/((-18)/216). What is the greatest common factor of k 